pose -f + m = -13. What is the tens digit of f?
1
Let v be (2 - 1)/((-16)/(-64)). Let a = -1 + 3. Suppose -5*i + v*j = -111, 2*i + a*j - 25 = i. What is the tens digit of i?
2
Suppose -52655 = -7*w - 3214. What is the tens digit of w?
6
Suppose 2*u - 6597 = 3*i + 7266, -i = -4*u + 27741. What is the hundreds digit of u?
9
What is the thousands digit of (1899/(-12))/(-4*(-78)/(-36608))?
8
Let t(k) = -7496*k**3 - 8*k**2 - 14*k - 6. What is the tens digit of t(-1)?
9
Let b be (-9)/(15/(-40)*-4) - 3. What is the tens digit of (-174133)/(-207) + (0 - (-2)/b)?
4
Let q = 721 + -79. Let v = q - -308. What is the hundreds digit of v?
9
Let o(n) = -4*n**3 - 52*n**2 + 92*n + 1. Let x(h) = h**3 + 18*h**2 - 31*h. Let a(r) = 2*o(r) + 7*x(r). What is the tens digit of a(18)?
0
Let h(p) = -345*p - 1178. What is the tens digit of h(-14)?
5
Let o(t) = -107*t - 128. Let c be (-104)/14 - 224/392. What is the tens digit of o(c)?
2
Suppose 11*r - 13*r + 936 = 0. Suppose 479*d = 483*d - r. What is the tens digit of d?
1
What is the tens digit of (-8*(-2397)/(-18))/((-4)/24)?
9
Let w(p) = p**3 - 48*p**2 - 42*p + 1850. What is the hundreds digit of w(57)?
6
Let a(y) be the second derivative of 0 - 1/12*y**4 + 5/3*y**3 - 19*y - 4*y**2. What is the units digit of a(8)?
8
Suppose 0 = 3*j - 4 - 17. Suppose l - 8 = 3*b + j, -2*l + b = -10. Suppose -l*y - 442 = -4*r, -4*y - 152 = -4*r + 288. What is the hundreds digit of r?
1
Suppose 0 = -13*v + 1604 + 3050. Suppose -q - v = -l + 3*l, -l = 2*q + 185. What is the hundreds digit of (l/1)/(-3)*15/5?
1
Let x(v) = -1751*v - 7292. What is the hundreds digit of x(-6)?
2
Let n(f) be the first derivative of 31*f**2 - 19*f + 3. Suppose 3*c = -5*z + 9, 11*z - 7*z = c - 3. What is the tens digit of n(c)?
6
Suppose 0 = 5*z + 2*p - 83110, -2*p + 10620 + 22618 = 2*z. What is the tens digit of z?
2
Let w = 76 + -66. Suppose -11*i = -w*i - 2015. What is the hundreds digit of 4/6 + (i/15)/1?
1
Let s(w) = 82*w**3 + 3*w**2 - 10*w + 174. What is the tens digit of s(6)?
3
Let w be (-3)/(-4) + (-27)/(-12). Suppose -324 = -w*d + 3*j, -2*d + 434 = 2*d - 3*j. Let z = d - 32. What is the tens digit of z?
7
Let w = 74 - 83. What is the tens digit of (-60)/w - 6 - 1618/(-3)?
4
Let z = 582 - 595. What is the hundreds digit of (-3)/(-2) + z + (-14795)/(-22)?
6
Let i(w) = -12*w + 8. Let q be i(-6). Let x be 2 - (q - 0 - 5). Let p = 123 + x. What is the units digit of p?
0
Suppose 35931 = 3*z + 4*y, -z + 5913 = -y - 6050. What is the hundreds digit of z?
9
What is the tens digit of 9 - 7/((-112)/398848)?
3
Let i = -73 - -100. Let s(d) = 32*d - 179. What is the units digit of s(i)?
5
Suppose 2*b - 3*c - 32 = 74, 0 = -3*b + 4*c + 159. Let v = 32 - b. What is the units digit of (v - -61) + 4/(-1)?
6
Let q(d) = 72*d + 81. Let r be q(8). Let h = r - 459. What is the hundreds digit of h?
1
Let s(b) be the first derivative of -b**3/3 + 29*b**2 + 20*b + 55. What is the hundreds digit of s(17)?
7
Let f(m) = 13655*m**2 - 41*m + 76. What is the units digit of f(2)?
4
Let l be 10/(-25) - (0 - (-24)/(-10)). Suppose -3*t + 3*p = 18, -l*t - 6 - 6 = -3*p. Let f(n) = 4*n**2 + 2*n + 2. What is the hundreds digit of f(t)?
1
Let k be -2 + 4/(1 + 1) + 18. What is the tens digit of k/15*75/18*38?
9
Suppose -2*v + 4*b + 6 = -6, 5*v = -3*b - 22. Let x be (10/25)/(v/(-25)). Suppose -202 = -5*j - 3*k, -6*j + j + 210 = x*k. What is the tens digit of j?
3
Let y = 67 + -72. Let g be (2/y)/(3*(-5)/41250). Suppose -3*d = -3*l + 660, -g = -4*l - l - 5*d. What is the units digit of l?
0
Suppose 4*o + 1 = 41. Let z(q) = q**3 - 9*q**2 - 11*q + 15. Let v be z(o). Suppose -v*c = -152 - 58. What is the tens digit of c?
4
Let f(d) = -6 + 3*d - 10*d**2 + 0 - 12 - d**3 + 5*d. Suppose -3*b + 0*b - z = 31, b - 5*z = -21. What is the tens digit of f(b)?
1
Let r(m) = m**3 - 27*m**2 + 23*m + 14. Let q be r(26). Let y = q + 79. Suppose -2*x = 2*v + 8, -v = -5*x - 5*v - y. What is the units digit of x?
1
Suppose z + 16 = 3*f, -5*z - 4 = 6*f - 2*f. Suppose 69*b - 273 = -22*b. Suppose f*o + 277 = b*w, 0*w - o - 352 = -4*w. What is the tens digit of w?
8
Let s(w) = w**3 + 4*w**2 + 4*w + 11. Let p be s(-3). Suppose 4*r - 5*u = -2, -3*r + 5*u = 6*u - p. Suppose -5 + 27 = r*k. What is the tens digit of k?
1
Let o = 51793 + -30981. What is the thousands digit of o?
0
Let n = -201 + 201. Suppose n = 15*f - 695 - 3100. What is the hundreds digit of f?
2
What is the hundreds digit of ((-68445)/(-36))/(8/32)?
6
Suppose 60 = -5*c + 4*n - 3*n, 3*n = 4*c + 48. What is the units digit of (-8)/(-6)*15*(-18)/c?
0
Let u = -12056 - -37485. What is the thousands digit of u?
5
Let f be (528/(-30))/((-6)/15). Suppose -6*u + f = 176. Let n = u + 25. What is the units digit of n?
3
Suppose 2*j - 13 = -2*x - 269, 5*x + 2*j = -625. Let z = 769 - x. What is the units digit of z?
2
Suppose -73*t + 74*t - 7 = 0. Suppose t*o - 2037 = 3024. What is the units digit of o?
3
Suppose 6*v - 15*v = -63. Suppose 0 = v*s - 406 - 714. Suppose -2*b + s = -100. What is the units digit of b?
0
Suppose -53*b - 46*b + 755080 = -13*b. What is the tens digit of b?
8
Suppose 52 = -149*j + 153*j. Suppose 5*c - h + j = 0, 4*h = 2*c + 3 - 5. What is the hundreds digit of 165 - (c + 0/1)?
1
Suppose 295*z - 1494176 = 83*z. What is the thousands digit of z?
7
Suppose -4*l + 3 = -9. Let z(t) = -16*t**2 - 3*t - 17*t**2 - 4 + 42*t**2. What is the units digit of z(l)?
8
Let b(t) = -4*t**3 + 30*t**2 - 16*t + 32. Let c(o) = 9*o**3 - 61*o**2 + 32*o - 65. Let j(q) = -5*b(q) - 2*c(q). What is the hundreds digit of j(15)?
6
What is the tens digit of 0 + 12 + 576568/388?
9
What is the thousands digit of (-140370)/(-28) + 321/(-1498)?
5
Let d be 15 - 5*(-3 + 2). Let w = 145 - d. Let i = w + 53. What is the tens digit of i?
7
Let i(k) = -k**2 + 274*k - 393. What is the thousands digit of i(111)?
7
Let s(d) = 4*d**2 - 93*d + 803. What is the ten thousands digit of s(-49)?
1
Suppose -51*b + 40426110 = 519*b. What is the tens digit of b?
2
Let j(w) = 28*w + 26*w - 3 - 23*w + 7. Suppose 5*t - 13 = -8*t. What is the units digit of j(t)?
5
Let f(t) = 2*t**2 - 11*t + 7. Suppose -4*c = -l - 17, l - 23 = -2*c - 2*c. Suppose -c*s + 32 = -s. What is the tens digit of f(s)?
4
Suppose 2*w + 4*r - 184 = 0, -r + 33 + 148 = 2*w. Suppose 36 + w = -9*s. What is the units digit of -149*8/(-14) + 2/s?
5
Suppose 0 = -17*r + 25*r - 20368. Suppose 3*h + r = 3*w - 3019, -w + 3*h = -1861. What is the tens digit of w?
5
Suppose -28*l + 108793 = -74999. What is the hundreds digit of l?
5
Let m(i) = -i**2 + 15*i - 18. Let a be m(9). Suppose a = -x + 196. Suppose 3*q - x = 131. What is the units digit of q?
7
Let t(k) = 1712*k**2 + 69*k - 1. What is the thousands digit of t(2)?
6
Let v(q) = -q**2 - 10*q + 16. Let n be v(-11). Let b be n*3*1096/60. Suppose -b + 4 = -3*j. What is the tens digit of j?
9
Let p be (-232)/12*(1 - 4). Let c = -52 + p. Suppose 0 = -c*y - y + 266. What is the tens digit of y?
3
Suppose 226 = 4*q - 2*v, -2*v - 88 - 22 = -2*q. Suppose q*t - 2*c - 2910 = 54*t, -2*t - 4*c = -1440. What is the tens digit of t?
2
Let h(o) = 318*o**2 - 5*o + 1. Let r(p) = 318*p**2 - 6*p + 1. Let z(b) = 3*h(b) - 2*r(b). What is the tens digit of z(-1)?
2
Suppose -707082 = -126*i - 77586. What is the units digit of i?
6
What is the tens digit of (-286128)/(-15) + (-1)/5 + -3 + 4?
7
Let k(y) = 615*y**2 - 69*y - 38. What is the ten thousands digit of k(-6)?
2
Let g(u) = -u**3 + u**2 + 6*u - 32. Let o be g(4). Suppose 0 = -2*q + 15 - 47. Let a = q - o. What is the units digit of a?
0
Let o = -394 + -290. Let l = -39 - -134. What is the tens digit of (o/l)/(2/20*-1)?
7
Let h = -1732 - -776. Let y = h - -2717. What is the thousands digit of y?
1
Let u be (2 + -5)*(0 + 1). Let q(d) = 10*d**2 - 2*d. Let z be q(u). Let w = 56 + z. What is the hundreds digit of w?
1
Let l(k) = -k + 13. Let i be (-385)/(-7) - (1 - 0). Let j = 35 - i. What is the units digit of l(j)?
2
Let x(b) = 575*b + 47. Let i be x(3). Suppose 0*q + 7*s + 3493 = 2*q, 5*s - i = -q. What is the thousands digit of q?
1
Suppose 34065 = 5*z - 4*j, -8874 - 4750 = -2*z + 2*j. What is the thousands digit of z?
6
Let y = -31906 + 18944. What is the units digit of y/(-38) - (-16)/(-152)?
1
Suppose 0 = -4*g - 2*v - 342, -g - 109 = -5*v - 7. Let